m - 1)?
2
Let t(n) = -n**3 + 7*n**2 + 2*n + 3. Let g be t(7). What is the tens digit of (-1 - 1)*-1 + g?
1
Suppose 2*v + 0*v = 10. Suppose 5*x + 2*o - 130 = 5*o, v*x - 2*o = 135. What is the tens digit of x?
2
Suppose 3*i - 6 = 4*z + z, -5*i = z - 10. Suppose 4*o + 4*w - w = 60, o + i*w - 15 = 0. What is the units digit of o?
5
Suppose 2*c - 44 = -2. What is the units digit of 4/3*(c - 6)?
0
Let c = 2 - 1. What is the units digit of 7 + (-3 - (c - 6))?
9
What is the tens digit of (-2)/7 - 1043/(-49)?
2
Let s(f) = -21*f + 1. Let c be s(3). Let w be c/(-3) + (-18)/27. Let d = w - 10. What is the tens digit of d?
1
What is the units digit of (-6)/(-2)*(2 - -1)?
9
Let j(w) = -w**2 + 3*w - 2. Let o be j(2). Suppose r + 3 = -g + 13, -5*g + r + 20 = 0. Suppose 0 = -g*p - o + 20. What is the units digit of p?
4
Suppose m = j - 3*m - 43, -2*j - 3*m = -31. Suppose s + 4*z = 19, 4*s = -z - 7 + j. Suppose s*d = -d + 28. What is the units digit of d?
7
Suppose 7 + 8 = 5*k. Suppose 39 = 4*j - 3*v, 4*j + 4*v = k + 1. What is the units digit of j?
6
Let b = 10 - 11. Let a(l) = -l + 4. Let k be a(6). What is the tens digit of (-4)/k + (b - -12)?
1
Let j = 14 - -33. What is the units digit of j?
7
Let c = -2 + 4. Suppose 2*n - c*q - 2*q + 46 = 0, 5*n - q + 79 = 0. Let i = 22 + n. What is the units digit of i?
7
Suppose -41*y + 48*y = 1365. What is the units digit of y?
5
Let a = -4 + 14. Suppose -a = -4*m - m. Suppose 5*s - 5 = -3*t - 6, s + m = 0. What is the units digit of t?
3
Let a(p) = 2*p - 7. What is the units digit of a(6)?
5
Let k(q) = -q**3 - 10*q**2 - 12*q - 7. What is the tens digit of k(-9)?
2
Let h be 2 - ((1 - 2) + 0). Let z(v) = 4 + 0 - 5*v**2 + 9*v**2 + h + 6*v - v**3. What is the tens digit of z(5)?
1
Let a = 93 + -41. Let t = a + -27. What is the tens digit of t?
2
Let q(y) be the second derivative of -y**3/6 - 5*y**2/2 + 2*y. Let s be q(-8). Suppose 0*m = -s*m + 12. What is the units digit of m?
4
What is the units digit of (-16)/6*(-18)/8?
6
Let m(k) = 16*k**2 - 2*k + 1. Let x be m(1). Let c be (-6)/10 + (-6)/x. What is the units digit of 66/9 - c/(-3)?
7
Let s(o) be the first derivative of o**5/20 - o**4/8 - o**3/6 + o**2 + 4. Let d(w) be the second derivative of s(w). What is the tens digit of d(-2)?
1
Let p = -51 + 36. What is the units digit of (-2 + (-21)/(-15))*p?
9
Let u(d) = -d**3 - 4*d**2 - 2*d + 1. Suppose -5*g - 15 = -5*i, 3*g - 5*i + 11 = -g. What is the units digit of u(g)?
9
Let j be 2 + -1 + 1 + 1. Suppose 0 = d - j. What is the units digit of d?
3
Let s(l) = l**3 + 5*l**2 - 7*l. Let p(v) = v**2 - 7*v + 4. Let h = 5 + 0. Let i be p(h). What is the units digit of s(i)?
6
Suppose -210 + 60 = -2*x. What is the units digit of x?
5
What is the units digit of (11/(-3))/((-5)/60)?
4
Suppose -4*r = -5*o + 41, o + 2*r + 4 = 1. Let l(d) = 2*d - 1. What is the units digit of l(o)?
9
Let t be (3 - 6) + 23*-1. Let r = -13 - t. What is the tens digit of r?
1
Suppose -15*p + 18*p = 375. What is the tens digit of p?
2
What is the units digit of (0 - -156)*(-1)/(-2)?
8
Let y be (-6)/(-21) + 40/7. Let i = y - 3. Suppose i*a = 2*q - 1 - 1, 3*q = 4*a + 3. What is the units digit of q?
1
Let n(i) = -i**2 + i + 1. Let h(w) = -w - 1. Let r(l) = -h(l) - n(l). What is the units digit of r(3)?
9
Let a(h) = h**2 + 11*h - 8. Let y be a(7). Let s = y + -77. What is the tens digit of s?
4
Let r(m) = -m**2 - 32*m + 4. What is the tens digit of r(-18)?
5
Let q = 2 + 0. Suppose -69 = -4*p - 3*r + 75, 5*p = q*r + 180. Suppose 36 = 4*x - p. What is the units digit of x?
8
Suppose 6*g - 1778 = -8*g. What is the hundreds digit of g?
1
Let q = 210 + -141. What is the tens digit of q?
6
Let c = -237 + 349. What is the hundreds digit of c?
1
Let q = 6 + -4. Suppose 3 + q = -z. What is the units digit of ((-3)/z)/(2/10)?
3
Suppose -2*b - 9 + 7 = 0. What is the units digit of (-22)/b + (-6 - -7)?
3
Let f be 0*((-6)/(-4))/3. Let k be (6 - f)*(-10)/(-15). Suppose -k*q = -0*q - 8. What is the units digit of q?
2
Suppose 18 = d - 4*d. Let j(w) = -2*w**2 - 6*w**2 + 9*w**2 + 5*w + 2. What is the units digit of j(d)?
8
Let t be 22/(-8) + 1/(-4). Let j(z) = z**2 + 2*z - 3. Let c be j(t). Let h = 5 - c. What is the units digit of h?
5
Suppose 4*i + 3*p = 329, 3 = 3*p - 2*p. What is the units digit of i?
0
Suppose c + 0*c - 4*j = 46, 0 = -c + 5*j + 46. What is the units digit of c?
6
Let t(f) = f**2 - 7*f + 3. Let b = -1 - -8. What is the units digit of t(b)?
3
Suppose l - j - 12 = -6*j, 2*l - 14 = -5*j. Let p = -3 + l. What is the units digit of p/3 + (-50)/(-15)?
3
Let h = 100 + -69. What is the tens digit of h?
3
What is the units digit of 297/6 + 2 - (-3)/2?
3
Let x = -2 - -7. Suppose -4*m - 22 = 5*a, -m + 3*a = -a - x. Let d(h) = -h - 2. What is the units digit of d(m)?
1
Suppose 5*h + a - 80 = -2, -4*a - 18 = -2*h. Let l(z) = 10*z**2 - z + 1. Let t be l(1). What is the units digit of (-6)/h - (-54)/t?
5
Let m(y) = 5*y - 1. What is the units digit of m(2)?
9
Suppose 0 = 5*t - 304 - 416. Suppose -4*n + t = -12. What is the tens digit of n?
3
Let w = 140 + -99. What is the units digit of w?
1
Let y(p) = 3*p. Let l be y(3). Let j(c) = -6*c**2 - 35*c - 51. Let s(u) = -u**2 - 7*u - 10. Let i(q) = -2*j(q) + 11*s(q). What is the tens digit of i(l)?
1
Let x(c) = 3 + 5*c - 4*c + 0. Let j be x(-3). Suppose j = -0*f + 3*f - 18. What is the units digit of f?
6
Suppose -5*m + 15 - 10 = 0. Let q = m + 33. What is the units digit of q?
4
Let c be 1/((-1)/(-23) + 0). Let v = -9 + c. What is the units digit of v?
4
Let w(j) = -4*j + 1 - 3*j + 5*j + 0*j + 9*j**2. What is the units digit of w(1)?
8
Suppose -5*t + 3*t = o - 17, -4*o = 5*t - 71. What is the units digit of o?
9
Suppose -3 = 4*g - 5*g. Suppose 4*k = 5*k - 4, -g*k = 5*m - 67. What is the tens digit of m?
1
Suppose 4*b = -f + 6 + 9, -4*b - 3*f + 21 = 0. Suppose -b*g + 0*g + 3 = 0. What is the units digit of g?
1
Let q(f) = -f - 6. Let m be q(-9). Let j(p) = 4 + p**m - 3*p**3 + 3*p**3 + 8*p**2. What is the units digit of j(-8)?
4
Let a be 3*8*(-3)/(-18). Suppose 6 = a*b - 18. What is the units digit of b?
6
What is the tens digit of 837/45 + (-2)/(-5)?
1
Suppose 3*j = -9, -3*j = -5*k - 0*j + 169. What is the units digit of k?
2
Let p(f) = -19*f - 52. What is the tens digit of p(-13)?
9
Let c be (-26)/(-6) + (-16)/(-24). Suppose 0*l + 115 = c*l. What is the tens digit of l?
2
Let k = -25 - -44. Let f = -13 + k. Suppose y = f + 1. What is the units digit of y?
7
Let i = -7 + -20. Let u = -2 - i. Let y = 37 - u. What is the tens digit of y?
1
Suppose 30*s = 32*s - 8. What is the units digit of s?
4
Let p(z) = 4*z + z**3 - 5*z - z + 11 - 5*z**2 - 5*z**2. Let a be p(10). Let l(x) = -x**3 - 9*x**2 - 2*x - 6. What is the units digit of l(a)?
2
What is the units digit of ((-2)/3)/((-20)/2310)?
7
What is the tens digit of (-2)/5 + (-152)/(-5)?
3
Let i(b) = 2*b**2 - 8*b + 8. What is the tens digit of i(11)?
6
Suppose 0 = 9*w - 4*w - 2*h - 70, 3*w = -5*h + 11. Suppose -2*v - 2*u + 3*u = -w, 12 = -v - 4*u. What is the units digit of v?
4
Suppose -5*h - 30 = -6*o + o, 5*o + h = 6. Let i = 4 + o. Suppose 3*d + 0*g - 34 = 2*g, 2*g - i = -2*d. What is the units digit of d?
8
Let a be (3/9*3)/(-1). What is the units digit of (16 - 1/a) + -3?
4
Let f = -60 + 92. What is the tens digit of f?
3
Let m be (-2)/6 + (-4)/6. Let y(z) = z**2. Let u(d) = 9*d**2 - d - 1. Let i(n) = u(n) - 2*y(n). What is the units digit of i(m)?
7
Let r(t) = -t + 64. Let p be r(0). Suppose -u + p = 2*h + 3*u, 5*h + 3*u - 167 = 0. What is the units digit of h?
4
Let a(w) = -18*w - 6. Let l be a(-3). Let n be -1*6/(-9)*3. Suppose -z + l = n*z. What is the tens digit of z?
1
What is the units digit of ((-32)/40)/(2/(-45))?
8
Let t(b) = b + 4. What is the tens digit of t(11)?
1
Let p be -2 + 0 + 0 + 1. Let g = p - -2. Let w = 4 + g. What is the units digit of w?
5
Let q(a) = 6*a**2 - a**2 - 1 - a - 4*a**2 - 4*a. Let c be q(6). Suppose -c = -2*l + 15. What is the units digit of l?
0
Suppose 5*d - d + 4 = 0, -5*v = d - 544. What is the tens digit of v?
0
Suppose 2*a - 385 = -5*i, 3*a - 2*i = 2*i + 589. What is the units digit of a?
5
Suppose 90 = 5*x - 2*x. What is the tens digit of x?
3
Suppose v - 161 = -3*q, 4*v + 386 = -q + 1052. What is the units digit of v?
7
Suppose a 